Calculate the remainder when 965047 is divided by 241236.
103
What is the remainder when 6866188 is divided by 1070?
1068
What is the remainder when 3738268 is divided by 29?
23
Calculate the remainder when 104099 is divided by 17148.
1211
Calculate the remainder when 1484620 is divided by 12.
4
Calculate the remainder when 7147729 is divided by 421.
412
Calculate the remainder when 587638038 is divided by 440.
438
What is the remainder when 2485186 is divided by 36?
34
What is the remainder when 1539819 is divided by 4782?
15
What is the remainder when 593051 is divided by 6464?
4827
What is the remainder when 28055659 is divided by 68?
15
Calculate the remainder when 9426281 is divided by 286.
7
Calculate the remainder when 3151612 is divided by 38.
6
What is the remainder when 415153 is divided by 31934?
11
Calculate the remainder when 547446 is divided by 11716.
8510
What is the remainder when 14470399 is divided by 3799?
8
Calculate the remainder when 321950 is divided by 38.
14
Calculate the remainder when 208823 is divided by 113.
112
Calculate the remainder when 116965 is divided by 1559.
40
Calculate the remainder when 2768970 is divided by 123.
117
What is the remainder when 161305 is divided by 8863?
1771
Calculate the remainder when 70168533 is divided by 2515.
33
Calculate the remainder when 2167965 is divided by 3382.
103
Calculate the remainder when 12112554 is divided by 10291.
47
Calculate the remainder when 1746826 is divided by 14679.
25
Calculate the remainder when 196255 is divided by 196197.
58
What is the remainder when 65100706 is divided by 41?
4
What is the remainder when 84658614 is divided by 1665?
24
Calculate the remainder when 64328170 is divided by 2273.
2270
Calculate the remainder when 57961 is divided by 1427.
881
Calculate the remainder when 686875 is divided by 228823.
406
What is the remainder when 248217 is divided by 3102?
57
What is the remainder when 88810 is divided by 3379?
956
What is the remainder when 3384721 is divided by 152?
137
Calculate the remainder when 8621608 is divided by 27.
22
Calculate the remainder when 1378022 is divided by 105998.
48
What is the remainder when 2040042 is divided by 144?
138
What is the remainder when 41461 is divided by 2477?
1829
Calculate the remainder when 1369297 is divided by 586.
401
What is the remainder when 10313804 is divided by 5?
4
What is the remainder when 40219101 is divided by 31844?
129
What is the remainder when 78196295 is divided by 177?
173
Calculate the remainder when 212273 is divided by 104760.
2753
What is the remainder when 4626594 is divided by 26?
24
What is the remainder when 485804 is divided by 48570?
104
Calculate the remainder when 367005 is divided by 686.
681
Calculate the remainder when 13180993 is divided by 48282.
7
What is the remainder when 2245188 is divided by 449017?
103
Calculate the remainder when 3237409 is divided by 462485.
14
Calculate the remainder when 71469 is divided by 533.
47
Calculate the remainder when 158580 is divided by 5168.
3540
Calculate the remainder when 942914769 is divided by 18.
15
What is the remainder when 62920 is divided by 8977?
81
What is the remainder when 95684 is divided by 10464?
1508
What is the remainder when 156875 is divided by 60?
35
Calculate the remainder when 8452228 is divided by 1391.
512
Calculate the remainder when 2725060 is divided by 152.
4
What is the remainder when 25244780 is divided by 12654?
50
Calculate the remainder when 599061 is divided by 199686.
3
What is the remainder when 10340882 is divided by 2084?
74
What is the remainder when 13540371 is divided by 1670?
11
Calculate the remainder when 72486736 is divided by 12081120.
16
Calculate the remainder when 7959002 is divided by 227400.
2
Calculate the remainder when 4092329 is divided by 735.
584
Calculate the remainder when 26643 is divided by 376.
323
Calculate the remainder when 944194 is divided by 23604.
34
Calculate the remainder when 75304 is divided by 12523.
166
What is the remainder when 8073543 is divided by 48930?
93
What is the remainder when 14193702 is divided by 2275?
2252
Calculate the remainder when 47492 is divided by 325.
42
What is the remainder when 93421 is divided by 12?
1
What is the remainder when 25113907 is divided by 173?
16
Calculate the remainder when 190876916 is divided by 248.
244
Calculate the remainder when 8516997 is divided by 4258481.
35
Calculate the remainder when 219911 is divided by 2563.
2056
Calculate the remainder when 4747100 is divided by 1668.
1640
Calculate the remainder when 344807 is divided by 719.
406
What is the remainder when 197801 is divided by 16483?
5
What is the remainder when 192348 is divided by 9136?
492
Calculate the remainder when 11537690 is divided by 33.
32
What is the remainder when 74935434 is divided by 7692?
7662
What is the remainder when 250895 is divided by 3983?
3949
What is the remainder when 276744 is divided by 20996?
3796
What is the remainder when 56382983 is divided by 41?
29
Calculate the remainder when 3368673 is divided by 340.
293
What is the remainder when 164979 is divided by 2566?
755
Calculate the remainder when 6164 is divided by 5695.
469
What is the remainder when 13727 is divided by 3334?
391
Calculate the remainder when 197028 is divided by 97633.
1762
Calculate the remainder when 63433491 is divided by 21144495.
6
What is the remainder when 19038710 is divided by 25?
10
Calculate the remainder when 150498 is divided by 1138.
282
What is the remainder when 137788347 is divided by 562?
559
Calculate the remainder when 55076 is divided by 18078.
842
Calculate the remainder when 1807660 is divided by 602552.
4
Calculate the remainder when 1165894 is divided by 4255.
24
What is the remainder when 51527 is divided by 296?
23
Calculate the remainder when 294314 is divided by 292904.
1410
Calculate the remainder when 872317 is divided by 290766.
19
What is the remainder when 13886361 is divided by 36?
9
What is the remainder when 14291000 is divided by 78?
74
Calculate the remainder when 83324445 is divided by 34.
33
Calculate the remainder when 98931 is divided by 1270.
1141
Calculate the remainder when 17108431 is divided by 168.
151
Calculate the remainder when 10154974 is divided by 406198.
24
Calculate the remainder when 522561 is divided by 219.
27
What is the remainder when 275871 is divided by 3777?
150
What is the remainder when 1760769 is divided by 1760189?
580
What is the remainder when 13379365 is divided by 143?
142
Calculate the remainder when 21886995 is divided by 58.
57
Calculate the remainder when 51355455 is divided by 63.
60
Calculate the remainder when 28675970 is divided by 52.
50
What is the remainder when 40793891 is divided by 268?
3
Calculate the remainder when 2092697 is divided by 1385.
1347
What is the remainder when 62216 is divided by 31103?
10
Calculate the remainder when 14807844 is divided by 850.
844
Calculate the remainder when 4325371 is divided by 2796.
2755
What is the remainder when 797235 is divided by 215?
15
What is the remainder when 18090988 is divided by 6030325?
13
What is the remainder when 159316905 is divided by 109?
107
Calculate the remainder when 8739546 is divided by 20.
6
What is the remainder when 619070 is divided by 618366?
704
Calculate the remainder when 11568 is divided by 5763.
42
Calculate the remainder when 13080 is divided by 9491.
3589
Calculate the remainder when 1042061 is divided by 32.
13
Calculate the remainder when 732653 is divided by 1913.
1887
What is the remainder when 37184457 is divided by 54?
3
Calculate the remainder when 171846928 is divided by 57282308.
4
What is the remainder when 2175087 is divided by 134?
133
What is the remainder when 942534 is divided by 235624?
38
Calculate the remainder when 494842 is divided by 7471.
1756
What is the remainder when 658586 is divided by 179?
45
What is the remainder when 160292 is divided by 822?
2
Calculate the remainder when 5076779 is divided by 31.
2
Calculate the remainder when 49543995 is divided by 5504888.
3
What is the remainder when 704899 is divided by 222?
49
What is the remainder when 265129 is divided by 331?
329
Calculate the remainder when 87205 is divided by 6012.
3037
What is the re